0
In base 14, what is -1b - -63a0?
6383
In base 9, what is -2636 - -188?
-2437
In base 13, what is c8c6 - 4?
c8c2
In base 10, what is 13 + 347?
360
In base 7, what is -1433 - 13?
-1446
In base 3, what is -112 - 21?
-210
In base 13, what is c41b + -4?
c417
In base 12, what is 3619 + 12?
362b
In base 15, what is -2 - 99?
-9b
In base 6, what is -53 - -2254?
2201
In base 4, what is -2 + 233231?
233223
In base 5, what is 1 - 1040431?
-1040430
In base 13, what is -64bc46 + 0?
-64bc46
In base 16, what is 7c3f + 4?
7c43
In base 8, what is -312 - 11707?
-12221
In base 3, what is 221 - -11220?
12211
In base 8, what is -2740 - -1436?
-1302
In base 14, what is -211 + 23cc?
21bb
In base 9, what is -3840 - -3?
-3836
In base 11, what is 17 + 14a1?
1508
In base 16, what is -75 + 22b?
1b6
In base 6, what is -200 + -505?
-1105
In base 12, what is -11 - -441?
430
In base 8, what is 61 + 1353?
1434
In base 8, what is -4 - 30535?
-30541
In base 2, what is -100101101000 + 10000?
-100101011000
In base 7, what is -2 - 1462114?
-1462116
In base 8, what is -6 + -50511?
-50517
In base 3, what is -2 - 111111011?
-111111020
In base 2, what is 11000001111 - 1?
11000001110
In base 8, what is -57 + -3315?
-3374
In base 2, what is -10001100101 - 1110010?
-10011010111
In base 16, what is 74a - -2?
74c
In base 10, what is -6282 - -2?
-6280
In base 4, what is -311330 + 212?
-311112
In base 5, what is -3 - 2234?
-2242
In base 4, what is 32 + -33210?
-33112
In base 10, what is 3938 - -103?
4041
In base 5, what is -113 - 343302?
-343420
In base 8, what is -21377 + -3?
-21402
In base 15, what is -166b2a + 0?
-166b2a
In base 6, what is -2352451 + -2?
-2352453
In base 7, what is -352512 - -2?
-352510
In base 7, what is -6103205 + -5?
-6103213
In base 15, what is 100 + c4b?
d4b
In base 7, what is 24600 + 6?
24606
In base 12, what is -50 - -110?
80
In base 13, what is -66 - -1c6?
160
In base 13, what is -211b4 + 0?
-211b4
In base 5, what is -3 + -2022?
-2030
In base 12, what is -62 - 240?
-2a2
In base 14, what is -3d - -6130?
60d1
In base 7, what is 661562 - 3?
661556
In base 2, what is 1011000011111 + -11011?
1011000000100
In base 2, what is 110111 + 1011?
1000010
In base 16, what is 127f4 - -3?
127f7
In base 2, what is -1010000101111 - 11111?
-1010001001110
In base 7, what is -32 + -152252?
-152314
In base 6, what is -5 - 2250443?
-2250452
In base 10, what is -782184 + 4?
-782180
In base 3, what is 20200120 - 21?
20200022
In base 12, what is 38960 + -1?
3895b
In base 15, what is -10271 + 1a?
-10256
In base 5, what is 2042210 + 10?
2042220
In base 13, what is 2ba800 - -3?
2ba803
In base 11, what is 654 + aa8?
1651
In base 13, what is 71 - -1196?
1237
In base 11, what is -2160067 - 3?
-216006a
In base 11, what is -250 + -393?
-633
In base 7, what is 63 - -4340?
4433
In base 6, what is 343 + 2035?
2422
In base 3, what is 22022 + 102110?
201202
In base 8, what is -2 - 761?
-763
In base 10, what is 44557 - 11?
44546
In base 12, what is -38191b + 5?
-381916
In base 15, what is 24a06 - 2?
24a04
In base 16, what is 23e - -361?
59f
In base 6, what is 3432 + -325?
3103
In base 12, what is -3 - -8078?
8075
In base 13, what is -10 - -12c8a?
12c7a
In base 4, what is 12 + 2210032?
2210110
In base 2, what is 10 - 11111010111110?
-11111010111100
In base 7, what is 340656 - -5?
340664
In base 9, what is 356448 + -1?
356447
In base 6, what is 342452 + -114?
342334
In base 12, what is 8 - -1b81a?
1b826
In base 7, what is -1 - 442451?
-442452
In base 9, what is -5 - -65285?
65280
In base 9, what is 366754 - -25?
366780
In base 12, what is -16 - -53005?
52bab
In base 5, what is -11332 - -2223?
-4104
In base 7, what is 160161 - -45?
160236
In base 3, what is -1020 + -102002020?
-102010110
In base 3, what is 222012 - -12120?
1011202
In base 5, what is -124130021 - 1?
-124130022
In base 15, what is -414 - e2?
-506
In base 16, what is -35 + -d8?
-10d
In base 13, what is ac30 + -3?
ac2a
In base 4, what is 1011210 - 101?
1011103
In base 2, what is -1011110010000111 - 1000?
-1011110010001111
In base 11, what is 4 + 143895?
143899
In base 3, what is -11000 - -212200002?
212112002
In base 7, what is 0 + -1013210?
-1013210
In base 4, what is -2 + -121311211?
-121311213
In base 8, what is -50 - -424?
354
In base 14, what is -1 + -7775a?
-7775b
In base 12, what is a520 + 0?
a520
In base 11, what is -186 - -4a?
-137
In base 9, what is 466636 + -8?
466627
In base 2, what is -101 - 10111100011?
-10111101000
In base 11, what is -5 - 32289?
-32293
In base 11, what is a181 - -5?
a186
In base 4, what is -3 - -12002110?
12002101
In base 13, what is -863ba + 1?
-863b9
In base 6, what is -5 + 4203100?
4203051
In base 13, what is -5 + 18cb?
18c6
In base 15, what is -3b6 + 90?
-326
In base 6, what is 10100204 + 10?
10100214
In base 14, what is -1957 - -64?
-18d3
In base 15, what is 1ab - -77?
233
In base 3, what is -10021 + 20112221?
20102200
In base 4, what is -22 + 1112100?
1112012
In base 5, what is -33 + 113104?
113021
In base 9, what is 866 + 1868?
2845
In base 7, what is -41 + 63224?
63153
In base 7, what is -2345 - -352?
-1663
In base 7, what is 1504325 - -11?
1504336
In base 7, what is -46566 - -600?
-45666
In base 14, what is 1 - -5445?
5446
In base 2, what is 101000 + 11001101?
11110101
In base 12, what is -5 - -1b90?
1b87
In base 9, what is -8 + 45525?
45516
In base 3, what is 1221120111201 + 10?
1221120111211
In base 3, what is 0 - -12100212?
12100212
In base 4, what is -11 - -3321322203?
3321322132
In base 4, what is 10333 - 20002?
-3003
In base 7, what is 150 - 2644?
-2464
In base 3, what is -1002111200121 + 2?
-1002111200112
In base 9, what is -58203 - -1?
-58202
In base 11, what is -591 - -460?
-131
In base 14, what is 88d - 6d3?
19a
In base 8, what is 40443751 + -4?
40443745
In base 4, what is -1310 - -12102?
10132
In base 2, what is -110001011010000100 + 101?
-110001011001111111
In base 8, what is 405460 + -5?
405453
In base 4, what is 11032 + 13123?
30221
In base 6, what is -15032101 - -5?
-15032052
In base 3, what is 11000102 - 120?
10222212
In base 4, what is 31 - -322110?
322201
In base 4, what is -11 - 2131101?
-2131112
In base 15, what is 5593 + 7?
559a
In base 7, what is -3 - -131262?
131256
In base 3, what is -221020021 - -20?
-221020001
In base 6, what is -55532 + -24?
-100000
In base 14, what is 59c7 + -5?
59c2
In base 5, what is -101 + 1431132?
1431031
In base 3, what is 20101111 - 2112?
20021222
In base 7, what is 2203 - -66?
2302
In base 8, what is -25 + 3166?
3141
In base 7, what is -4 - 325524?
-325531
In base 9, what is 232276 + -4?
232272
In base 9, what is 2 + -15634?
-15632
In base 9, what is 6568 - 158?
6410
In base 7, what is 602 - 6565?
-5663
In base 7, what is 12261 - -346?
12640
In base 12, what is 40 + 56?
96
In base 7, what is -6534536 - 1?
-6534540
In base 4, what is -11323020 - 1?
-11323021
In base 7, what is 12454 + -155?
12266
In base 15, what is 4 + -1ced?
-1ce9
In base 4, what is 10113121 + 111?
10113232
In base 7, what is 10 + 11662?
12002
In base 6, what is 3 + 11204533?
11204540
In base 6, what is 1224 - 1021?
203
In base 15, what is -3 + -d6356?
-d6359
In base 2, what is -10111010010011 - -10001?
-10111010000010
In base 8, what is 1345 + -120?
1225
In base 5, what is -3441444 - 14?
-3442013
In base 15, what is 14 + -1e6e?
-1e5a
In base 13, what is 66 - -140aa?
14143
In base 10, what is 25 - -39000?
39025
In base 16, what is edfd - -4?
ee01
In base 11, what is 5 + 4697?
46a1
In base 12, what is -1038 - -284?
-974
In base 10, what is 963 - 2911?
-1948
In base 2, what is -100 - 1111000010111001?
-1111000010111101
In base 6, what is -1 + -1020350?
-1020351
In base 7, what is 306 + -146?
130
In base 3, what is 1110 + -10022200?
-10021020
In base 11, what is 2333 - -110?
2443
In base 2, what is 101101101010 + -111111?
101100101011
In base 11, what is -29 + -4207?
-4235
In base 4, what is 1220101 + 3?
1220110
In base 4, what is 13012310 - -3231?
13022201
In base 11, what is 21667 + -2?
21665
In base 15, what is 197ab - 2?
197a9
In base 4, what is 23200 - 3223?
13311
In base 9, what is 1043001 - 4?
1042886
In base 3, what is -12122021102 + 10?
-12122021022
In base 12, what is 4334b - 4?
43347
In base 13, what is -5c6 + 396?
-230
In base 7, what is 3 + 141361?
141364
In base 7, w